 = t**3 - 3*t**2 + 3*t - 16. Determine i(5).
49
Let h(q) = -66*q**3 - 3*q**2 - 4*q - 2. Determine h(-1).
65
Let i(h) = 17*h**2 + h - 27. Give i(0).
-27
Let t(x) = x**2 - 9*x - 14. What is t(9)?
-14
Let g(k) = -k**2 - 13*k + 17. What is g(-13)?
17
Let p(t) = -t**2 + 129*t + 669. Calculate p(-5).
-1
Let m(t) = -t**3 - 54*t**2 + 108*t - 229. Calculate m(-56).
-5
Let f(j) = j**3 + 2*j**2 - 9*j - 20. Calculate f(-2).
-2
Let x(z) = -12*z + 33. Determine x(8).
-63
Let t(i) = -i**3 + 10*i**2 - 19*i - 18. What is t(6)?
12
Let s(a) = 9*a + 9. Give s(-3).
-18
Let k(y) = -22*y + 258. Determine k(12).
-6
Let y(s) = -s**2 - 30*s - 61. Give y(-28).
-5
Let a(x) = -2*x + 17. What is a(-6)?
29
Let r(g) = -g**3 + 9*g**2 + 2*g - 8. Calculate r(9).
10
Let x(b) = -b**2 + 4*b + 12. Calculate x(5).
7
Let u(y) = -y**3 + 18*y**2 - 2*y + 27. Calculate u(18).
-9
Let q(o) = -8*o - 3. Determine q(1).
-11
Let i(t) = -9*t + 41. Calculate i(4).
5
Let u(w) = w**3 + 3*w**2 - w. Give u(-4).
-12
Let a(h) = -16*h + 79. What is a(7)?
-33
Let m(u) = u**3 + 3*u**2 - 7*u + 3. Determine m(3).
36
Let y(j) = 5*j - 55. Determine y(10).
-5
Let d(y) = -4*y - 86. Calculate d(-20).
-6
Let y(l) = -6*l**2 - 8*l + 1. Determine y(-2).
-7
Let a(z) = z**3 + z**2 + 2*z. Calculate a(-4).
-56
Let x(y) = 2*y**2 - 7*y + 6. What is x(4)?
10
Let c(o) = -o**2 + 12*o + 7. Determine c(13).
-6
Let j(a) = 2*a**2 - 27*a - 26. What is j(14)?
-12
Let d(j) = -2*j**2 - 8*j + 3. Determine d(-4).
3
Let d(i) = 5*i**3. Determine d(1).
5
Let r(u) = -u**3 - 11*u**2 + 103*u + 20. Calculate r(-17).
3
Let q(a) = a**3 - 13*a + 6. What is q(4)?
18
Let o(x) = -x**2 + 4*x + 4. Calculate o(-3).
-17
Let s(b) = -b + 23. Determine s(12).
11
Let y(m) = -3*m + 64. What is y(10)?
34
Let m(d) = -21*d - 1. What is m(3)?
-64
Let z(a) = 6*a - 2. Give z(-11).
-68
Let z(h) = -2*h**3 - 4*h**2 - 5*h - 2. What is z(-3)?
31
Let n(z) = z**2 - 14. Give n(0).
-14
Let h(v) = -5*v**3 + 2*v**2 + 7*v - 11. Give h(2).
-29
Let s(j) = 9*j + 89. What is s(-10)?
-1
Let o(k) = 2*k - 2. Calculate o(6).
10
Let k(o) = -o**2 - 7*o + 19. Calculate k(-9).
1
Let z(h) = -h**3 + 9*h**2 + 10*h - 5. What is z(10)?
-5
Let y(w) = 2*w**3 - 11*w**2 + 5*w + 6. Calculate y(5).
6
Let b(m) = -9*m - 51. Determine b(-8).
21
Let i(n) = n**3 + n**2 + 6*n - 9. Determine i(0).
-9
Let v(y) = 5*y**2 + 20*y - 1. Determine v(-7).
104
Let h(y) = -y**2 + y - 4. Calculate h(0).
-4
Let i(s) = 4*s - 22. Give i(9).
14
Let j(d) = -d**2 - 64*d - 231. Determine j(-4).
9
Let q(f) = 44*f - 265. Give q(6).
-1
Let l(d) = d**3 - 5*d**2 + 4*d + 1. Calculate l(4).
1
Let h(f) = -f + 7. What is h(0)?
7
Let n(o) = -6*o - 4. Calculate n(4).
-28
Let k(t) = -t**3 - 26*t**2 - 48*t - 6. Determine k(-24).
-6
Let q(b) = b**3 + 7*b**2 + 8*b + 9. Give q(-5).
19
Let u(j) = -2*j**3 + j**2 + j. Calculate u(-1).
2
Let q(x) = x**2 + 25*x + 34. What is q(-19)?
-80
Let q(i) = i**3 + 8*i**2 - 10*i - 3. Calculate q(-9).
6
Let i(g) = -2*g**2 - 3*g - 1. What is i(-3)?
-10
Let b(v) = v**2 + 2*v. What is b(2)?
8
Let s(a) = a**2 + 19*a - 6. Give s(-19).
-6
Let v(b) = -b**3 + 3*b**2 + b - 3. Give v(3).
0
Let w(a) = -a + 10. Give w(-9).
19
Let q(r) = -r**3 + 32*r**2 - 61*r + 39. Give q(30).
9
Let o(j) = j**3 - 12*j**2 + 13*j - 4. Calculate o(11).
18
Let v(i) = 25*i**3 - 2*i**2 + 1. Determine v(-1).
-26
Let n(k) = -13*k + 2. What is n(1)?
-11
Let n(v) = 2*v**3 + 24*v**2 + 21*v - 5. Give n(-11).
6
Let j(d) = -14*d - 166. Give j(-12).
2
Let p(q) = 2*q**2 - 19*q + 19. Give p(9).
10
Let b(z) = z**2 + 4*z - 18. What is b(-6)?
-6
Let a(l) = l**3 + 18*l**2 - 8. Calculate a(-18).
-8
Let n(w) = 5*w + 1. Calculate n(9).
46
Let w(n) = n + 11. What is w(5)?
16
Let k(h) = 2*h**3 - 9. Calculate k(0).
-9
Let l(f) = 43*f**3 - 2*f**2 - f + 1. Determine l(-1).
-43
Let j(a) = 8*a - 83. What is j(10)?
-3
Let p(f) = -2*f - 6. Give p(-5).
4
Let c(s) = -s**3 - 8*s**2 - 11*s - 30. What is c(-7)?
-2
Let u(w) = -2*w + 9. What is u(0)?
9
Let x(r) = -13*r + 92. What is x(15)?
-103
Let d(c) = c**2 - 14*c + 14. Give d(12).
-10
Let m(u) = u**3 - 6*u**2 + 2*u + 3. What is m(4)?
-21
Let b(q) = -q**2 - 56*q - 493. Give b(-11).
2
Let q(r) = 2*r**2 + 10*r - 14. What is q(-6)?
-2
Let l(x) = x**3 + 6*x**2 + 6*x - 1. Calculate l(-5).
-6
Let l(b) = -b**3 - 13*b**2 - 15*b - 15. Give l(-12).
21
Let m(d) = -2*d**3 - d**2 + 3*d - 1. Determine m(-2).
5
Let m(j) = 3*j + 125. Calculate m(-36).
17
Let a(o) = 4*o - 175. What is a(36)?
-31
Let l(g) = -2*g**2 - 14*g + 10. What is l(-6)?
22
Let t(g) = 2*g + 5. What is t(-5)?
-5
Let t(i) = -31*i + 495. Determine t(16).
-1
Let c(a) = a**2 + 5*a + 19. Calculate c(-6).
25
Let s(l) = -l**2 - 11*l + 4. Determine s(7).
-122
Let y(s) = s**3 + 10*s**2 - 12*s - 8. Determine y(-11).
3
Let u(v) = 24*v - 277. Give u(11).
-13
Let g(n) = -n**2 + 14*n - 16. Give g(13).
-3
Let b(v) = -v - 8. Calculate b(0).
-8
Let s(m) = 58*m - 28. Calculate s(4).
204
Let h(p) = -4*p - 24. What is h(-7)?
4
Let d(k) = 37*k**2 + 2*k. Calculate d(1).
39
Let r(l) = -l**2 + 8*l + 3. Give r(4).
19
Let f(c) = -c**3 - 42*c**2 - 82*c - 72. Determine f(-40).
8
Let o(g) = -g**3 - 2*g**2 - g + 3. Calculate o(-2).
5
Let b(w) = -15*w**3 - w - 1. What is b(-1)?
15
Let v(d) = 6*d + 19. Determine v(3).
37
Let b(i) = i**3 - 7*i**2 + 7*i + 6. Give b(6).
12
Let p(g) = -g**2 - 9*g - 6. What is p(-8)?
2
Let y(b) = b**3 + 6*b**2 + 3*b - 4. What is y(-4)?
16
Let c(o) = -o - 78. Give c(-20).
-58
Let v(n) = -3*n**2 - 81*n + 21. Calculate v(-27).
21
Let q(r) = -r**3 - 2*r**2 - 3*r - 3. Determine q(-2).
3
Let k(u) = 6*u**3 + 4*u**2 + 2*u - 2. Determine k(-2).
-38
Let t(u) = 2*u - 30. Determine t(-4).
-38
Let q(d) = -d**2 + 23*d - 125. Calculate q(10).
5
Let c(o) = o**3 - o**2 - 3*o - 3. What is c(-2)?
-9
Let d(a) = a**3 + 3*a - 2. Determine d(-3).
-38
Let j(t) = t**3 - 7*t**2 - 13*t - 2. Give j(9).
43
Let n(l) = 4*l + 36. Give n(-8).
4
Let n(l) = l**2 - 3*l + 6. Give n(5).
16
Let n(t) = t**2 - 14*t - 9. Calculate n(15).
6
Let f(p) = 3*p + 54. Determine f(-7).
33
Let t(s) = -3*s**2 + 3*s - 3. Give t(3).
-21
Let o(m) = -11*m**2 - m + 2. What is o(1)?
-10
Let m(z) = 2*z**2 - 1. What is m(6)?
71
Let p(l) = 2*l**3 - l**2 - 8*l + 5. Give p(2).
1
Let r(j) = 3*j + 2. What is r(-4)?
-10
Let d(v) = v**2 - 10*v. Determine d(8).
-16
Let r(c) = c**2 - 9*c + 13. Determine r(10).
23
Let q(j) = -2*j**2 + 5*j - 2. What is q(4)?
-14
Let r(h) = -h - 5. Determine r(0).
-5
Let l(j) = j**3 + 20*j**2 - 2*j - 29. Give l(-20).
11
Let d(g) = g**3 + 2*g**2 - 4*g - 2. Give d(-3).
1
Let v(g) = g**3 + 5*g**2 - 23*g - 115. Give v(-6).
-13
Let w(t) = 5*t**2 - 12*t + 37. Determine w(5).
102
Let k(j) = -3*j**3 - 18*j**2 + 3*j + 3. Give k(-6).
-15
Let s(l) = -2*l**3 - 7*l**2 - 29*l - 5. Give s(-4).
127
Let z(x) = x**3 - 6*x**2 - 5*x - 17. Give z(7).
-3
Let g(z) = z**2 + 9*z - 24. Determine g(-10).
-14
Let y(n) = n**2 + 5*n + 10. Calculate y(-8).
34
Let p(s) = 2*s**3 - 2*s**2 + 3*s - 2. Determine p(1).
1
Let g(i) = -4*i**2 - 50*i - 38. Determine g(-12).
-14
Let n(w) = -2*w**2 + 6*w + 3. Calculate n(5).
-17
Let j(v) = -5*v + 9. Calculate j(1).
4
Let l(y) = y**2 + 13*y + 3. Calculate l(-14).
17
Let r(z) = -z**3 + 2*z**2 - z - 2. Give r(2).
-4
Let a(z) = -z - 37. Calculate a(7).
-44
Let s(i) = -i**3 + 2*i**2 - 9*i + 12. Give s(2).
-6
Let t(p) = -p**2 + 2*p - 5. Determine t(0).
-5
Let z(m) = m**2 + 61*m + 543. Give z(-50).
-7
Let v(x) = -4*x**2 - 2*x + 1. What is v(-3)?
-29
Let k(h) = -3*h - 41. What is k(-16)?
7
Let b(f) = -f**3 - 6*f**2 + 12*f + 3. What is b(-8)?
35
Let v(d) = -d**2 - 1. What is v(2)?
-5
Let o(h) = 14*h**2 + h - 1. What is o(1)?
14
Let p(m) = -m**3 - 9*m**2 + 9*m - 18. Give p(-10).
-8
Let k(x) = x**2 + 11*x - 5. Calculate k(-7).
-33
Let a(i) = -8*i + 191. What is a(26)?
-17
Let k(l) = -6*l + 12. Calculate k(9).
-42
Let j(k) = k**2 + 2*k - 5. Calculate j(-3).
-2
Let d(u) = -u**2 + 30*u + 48. Determine d(27).
129
Let r(o) = 66*o - 596. Calculate r(9).
-2
Let i(s) = -5*s**2 + 1. What is i(4)?
-79
Let l(q) = 25*q - 42. What is l(5)?
83
Let u(c) = 21*c**3 + 2*c**2 + 4*c + 2. What is u(-1)?
-21
Let n(b) = -18*b + 7. What is n(1)?
-11
Let i(r) = -12*r + 260. What is i(22)?
-4
Let d(k) = -k**3 + 32*k**2 - 4*k + 131. What is d(32)?
3
Let y(x) = -x**3 + 2*x**2 + 12*x - 17. Determine y(4).
-1
Let l(n) = -9*n + 4. What